[INFO] cloning repository https://github.com/HappyDustbunny/n_body
[INFO] running `Command { std: "git" "-c" "credential.helper=" "-c" "credential.helper=/workspace/cargo-home/bin/git-credential-null" "clone" "--bare" "https://github.com/HappyDustbunny/n_body" "/workspace/cache/git-repos/https%3A%2F%2Fgithub.com%2FHappyDustbunny%2Fn_body", kill_on_drop: false }`
[INFO] [stderr] Cloning into bare repository '/workspace/cache/git-repos/https%3A%2F%2Fgithub.com%2FHappyDustbunny%2Fn_body'...
[INFO] running `Command { std: "git" "rev-parse" "HEAD", kill_on_drop: false }`
[INFO] [stdout] 623dffbcb886256459c77fcae3474332f9a955f7
[INFO] checking HappyDustbunny/n_body against try#72f88fc4e9458f89516a0b8b0868f3718aec5b47 for pr-74989
[INFO] running `Command { std: "git" "clone" "/workspace/cache/git-repos/https%3A%2F%2Fgithub.com%2FHappyDustbunny%2Fn_body" "/workspace/builds/worker-10/source", kill_on_drop: false }`
[INFO] [stderr] Cloning into '/workspace/builds/worker-10/source'...
[INFO] [stderr] done.
[INFO] validating manifest of git repo https://github.com/HappyDustbunny/n_body on toolchain 72f88fc4e9458f89516a0b8b0868f3718aec5b47
[INFO] running `Command { std: "/workspace/cargo-home/bin/cargo" "+72f88fc4e9458f89516a0b8b0868f3718aec5b47" "read-manifest" "--manifest-path" "Cargo.toml", kill_on_drop: false }`
[INFO] started tweaking git repo https://github.com/HappyDustbunny/n_body
[INFO] finished tweaking git repo https://github.com/HappyDustbunny/n_body
[INFO] tweaked toml for git repo https://github.com/HappyDustbunny/n_body written to /workspace/builds/worker-10/source/Cargo.toml
[INFO] running `Command { std: "/workspace/cargo-home/bin/cargo" "+72f88fc4e9458f89516a0b8b0868f3718aec5b47" "generate-lockfile" "--manifest-path" "Cargo.toml" "-Zno-index-update", kill_on_drop: false }`
[INFO] [stderr]     Updating git repository `https://github.com/nannou-org/nannou`
[INFO] running `Command { std: "/workspace/cargo-home/bin/cargo" "+72f88fc4e9458f89516a0b8b0868f3718aec5b47" "fetch" "--locked" "--manifest-path" "Cargo.toml", kill_on_drop: false }`
[INFO] [stderr]  Downloading crates ...
[INFO] [stderr]   Downloaded lyon_path v0.15.2
[INFO] [stderr]   Downloaded lyon_algorithms v0.15.1
[INFO] [stderr]   Downloaded sid v0.6.1
[INFO] [stderr]   Downloaded conrod_wgpu v0.70.0
[INFO] [stderr]   Downloaded conrod_winit v0.70.0
[INFO] [stderr]   Downloaded conrod_derive v0.70.0
[INFO] [stderr]   Downloaded lyon_tessellation v0.15.9
[INFO] [stderr]   Downloaded conrod_core v0.70.0
[INFO] [stderr]   Downloaded lyon v0.15.9
[INFO] running `Command { std: "docker" "create" "-v" "/var/lib/crater-agent-workspace/builds/worker-10/target:/opt/rustwide/target:rw,Z" "-v" "/var/lib/crater-agent-workspace/builds/worker-10/source:/opt/rustwide/workdir:ro,Z" "-v" "/var/lib/crater-agent-workspace/cargo-home:/opt/rustwide/cargo-home:ro,Z" "-v" "/var/lib/crater-agent-workspace/rustup-home:/opt/rustwide/rustup-home:ro,Z" "-e" "SOURCE_DIR=/opt/rustwide/workdir" "-e" "CARGO_TARGET_DIR=/opt/rustwide/target" "-e" "CARGO_HOME=/opt/rustwide/cargo-home" "-e" "RUSTUP_HOME=/opt/rustwide/rustup-home" "-w" "/opt/rustwide/workdir" "-m" "1610612736" "--user" "0:0" "--network" "none" "rustops/crates-build-env@sha256:d92eaeed33fa75130ca1ee6c8a01d1ffb62bac859dfdfb3450e3e5d1c0146529" "/opt/rustwide/cargo-home/bin/cargo" "+72f88fc4e9458f89516a0b8b0868f3718aec5b47" "metadata" "--no-deps" "--format-version=1", kill_on_drop: false }`
[INFO] [stdout] a220054be1c6bdb0a88276c36ee5095d3a07dc856574457d4268f08938b92add
[INFO] [stderr] WARNING: Your kernel does not support swap limit capabilities or the cgroup is not mounted. Memory limited without swap.
[INFO] running `Command { std: "docker" "start" "-a" "a220054be1c6bdb0a88276c36ee5095d3a07dc856574457d4268f08938b92add", kill_on_drop: false }`
[INFO] running `Command { std: "docker" "inspect" "a220054be1c6bdb0a88276c36ee5095d3a07dc856574457d4268f08938b92add", kill_on_drop: false }`
[INFO] running `Command { std: "docker" "rm" "-f" "a220054be1c6bdb0a88276c36ee5095d3a07dc856574457d4268f08938b92add", kill_on_drop: false }`
[INFO] [stdout] a220054be1c6bdb0a88276c36ee5095d3a07dc856574457d4268f08938b92add
[INFO] running `Command { std: "docker" "create" "-v" "/var/lib/crater-agent-workspace/builds/worker-10/target:/opt/rustwide/target:rw,Z" "-v" "/var/lib/crater-agent-workspace/builds/worker-10/source:/opt/rustwide/workdir:ro,Z" "-v" "/var/lib/crater-agent-workspace/cargo-home:/opt/rustwide/cargo-home:ro,Z" "-v" "/var/lib/crater-agent-workspace/rustup-home:/opt/rustwide/rustup-home:ro,Z" "-e" "SOURCE_DIR=/opt/rustwide/workdir" "-e" "CARGO_TARGET_DIR=/opt/rustwide/target" "-e" "CARGO_INCREMENTAL=0" "-e" "RUST_BACKTRACE=full" "-e" "RUSTFLAGS=--cap-lints=forbid" "-e" "CARGO_HOME=/opt/rustwide/cargo-home" "-e" "RUSTUP_HOME=/opt/rustwide/rustup-home" "-w" "/opt/rustwide/workdir" "-m" "1610612736" "--user" "0:0" "--network" "none" "rustops/crates-build-env@sha256:d92eaeed33fa75130ca1ee6c8a01d1ffb62bac859dfdfb3450e3e5d1c0146529" "/opt/rustwide/cargo-home/bin/cargo" "+72f88fc4e9458f89516a0b8b0868f3718aec5b47" "check" "--frozen" "--all" "--all-targets" "--message-format=json", kill_on_drop: false }`
[INFO] [stdout] 10121a7d17091a2e1eaa2a497ae5938db58e861a72b27cf02b49acc54862026b
[INFO] [stderr] WARNING: Your kernel does not support swap limit capabilities or the cgroup is not mounted. Memory limited without swap.
[INFO] running `Command { std: "docker" "start" "-a" "10121a7d17091a2e1eaa2a497ae5938db58e861a72b27cf02b49acc54862026b", kill_on_drop: false }`
[INFO] [stderr]     Blocking waiting for file lock on package cache
[INFO] [stderr]     Checking lazy_static v1.4.0
[INFO] [stderr]    Compiling byteorder v1.3.4
[INFO] [stderr]     Checking scopeguard v1.1.0
[INFO] [stderr]    Compiling maybe-uninit v2.0.0
[INFO] [stderr]     Checking slab v0.4.2
[INFO] [stderr]    Compiling libloading v0.6.3
[INFO] [stderr]    Compiling proc-macro2 v0.4.30
[INFO] [stderr]    Compiling pkg-config v0.3.18
[INFO] [stderr]     Checking rand_core v0.4.2
[INFO] [stderr]     Checking adler32 v1.2.0
[INFO] [stderr]    Compiling autocfg v0.1.7
[INFO] [stderr]     Checking lazycell v1.3.0
[INFO] [stderr]    Compiling serde v1.0.116
[INFO] [stderr]     Checking same-file v1.0.6
[INFO] [stderr]    Compiling ppv-lite86 v0.2.9
[INFO] [stderr]    Compiling pin-project-internal v0.4.23
[INFO] [stderr]    Compiling siphasher v0.3.3
[INFO] [stderr]     Checking fixedbitset v0.1.9
[INFO] [stderr]    Compiling memchr v2.3.3
[INFO] [stderr]     Checking either v1.6.0
[INFO] [stderr]    Compiling proc-macro-hack v0.5.18
[INFO] [stderr]    Compiling crc32fast v1.2.0
[INFO] [stderr]     Checking instant v0.1.6
[INFO] [stderr]    Compiling cgmath v0.17.0
[INFO] [stderr]     Checking percent-encoding v2.1.0
[INFO] [stderr]     Checking itoa v0.4.6
[INFO] [stderr]     Checking bytemuck v1.4.1
[INFO] [stderr]     Checking conrod_winit v0.70.0
[INFO] [stderr]     Checking find_folder v0.3.0
[INFO] [stderr]     Checking notosans v0.1.0
[INFO] [stderr]    Compiling num-traits v0.2.12
[INFO] [stderr]    Compiling crossbeam-utils v0.7.2
[INFO] [stderr]    Compiling memoffset v0.5.5
[INFO] [stderr]    Compiling crossbeam-epoch v0.8.2
[INFO] [stderr]    Compiling num-integer v0.1.43
[INFO] [stderr]    Compiling num-iter v0.1.41
[INFO] [stderr]    Compiling rayon v1.4.0
[INFO] [stderr]    Compiling num-bigint v0.2.6
[INFO] [stderr]    Compiling num-rational v0.2.4
[INFO] [stderr]    Compiling num-complex v0.2.4
[INFO] [stderr]    Compiling num-rational v0.3.0
[INFO] [stderr]    Compiling rayon-core v1.8.0
[INFO] [stderr]     Checking lock_api v0.3.4
[INFO] [stderr]     Checking walkdir v2.3.1
[INFO] [stderr]     Checking miniz_oxide v0.3.7
[INFO] [stderr]     Checking inflate v0.3.4
[INFO] [stderr]     Checking gif v0.9.2
[INFO] [stderr]     Checking gif v0.10.3
[INFO] [stderr]     Checking petgraph v0.4.13
[INFO] [stderr]     Checking rand_core v0.3.1
[INFO] [stderr]     Checking rand_jitter v0.1.4
[INFO] [stderr]    Compiling phf_shared v0.8.0
[INFO] [stderr]    Compiling libc v0.2.77
[INFO] [stderr]    Compiling proc-macro2 v1.0.21
[INFO] [stderr]    Compiling rand_pcg v0.1.2
[INFO] [stderr]    Compiling rand_chacha v0.1.1
[INFO] [stderr]    Compiling rand v0.6.5
[INFO] [stderr]     Checking log v0.4.11
[INFO] [stderr]     Checking rand_hc v0.1.0
[INFO] [stderr]     Checking rand_isaac v0.1.1
[INFO] [stderr]     Checking rand_xorshift v0.1.1
[INFO] [stderr]     Checking net2 v0.2.35
[INFO] [stderr]     Checking raw-window-handle v0.3.3
[INFO] [stderr]     Checking parking_lot_core v0.7.2
[INFO] [stderr]     Checking memmap v0.7.0
[INFO] [stderr]     Checking getrandom v0.1.15
[INFO] [stderr]     Checking rand_os v0.1.3
[INFO] [stderr]     Checking rand v0.5.6
[INFO] [stderr]     Checking nix v0.14.1
[INFO] [stderr]     Checking phf v0.8.0
[INFO] [stderr]    Compiling x11 v2.18.2
[INFO] [stderr]    Compiling x11-dl v2.18.5
[INFO] [stderr]     Checking dlib v0.4.2
[INFO] [stderr]     Checking ash v0.31.0
[INFO] [stderr]     Checking gfx-hal v0.5.3
[INFO] [stderr]     Checking rand_core v0.5.1
[INFO] [stderr]     Checking parking_lot v0.10.2
[INFO] [stderr]    Compiling quote v1.0.7
[INFO] [stderr]     Checking mio v0.6.22
[INFO] [stderr]     Checking wayland-sys v0.23.6
[INFO] [stderr]    Compiling xcb v0.9.0
[INFO] [stderr]     Checking rand_chacha v0.2.2
[INFO] [stderr]     Checking rand_pcg v0.2.1
[INFO] [stderr]     Checking stb_truetype v0.3.1
[INFO] [stderr]     Checking fxhash v0.2.1
[INFO] [stderr]     Checking deflate v0.7.20
[INFO] [stderr]     Checking deflate v0.8.6
[INFO] [stderr]     Checking tiff v0.5.0
[INFO] [stderr]     Checking crossbeam-channel v0.4.4
[INFO] [stderr]     Checking crossbeam-queue v0.2.3
[INFO] [stderr]    Compiling syn v1.0.40
[INFO] [stderr]    Compiling quote v0.6.13
[INFO] [stderr]     Checking daggy v0.5.0
[INFO] [stderr]     Checking daggy v0.6.0
[INFO] [stderr]     Checking rand v0.7.3
[INFO] [stderr]     Checking crossbeam-deque v0.7.3
[INFO] [stderr]     Checking mio-extras v2.0.6
[INFO] [stderr]     Checking png v0.16.7
[INFO] [stderr]    Compiling wayland-scanner v0.23.6
[INFO] [stderr]     Checking approx v0.3.2
[INFO] [stderr]     Checking ordered-float v1.1.0
[INFO] [stderr]     Checking line_drawing v0.7.0
[INFO] [stderr]     Checking euclid v0.20.14
[INFO] [stderr]     Checking num-traits v0.1.43
[INFO] [stderr]     Checking sid v0.6.1
[INFO] [stderr]     Checking pennereq v0.3.1
[INFO] [stderr]     Checking crossbeam v0.7.3
[INFO] [stderr]     Checking rusttype v0.8.3
[INFO] [stderr]     Checking enum_primitive v0.1.1
[INFO] [stderr]     Checking num-rational v0.1.42
[INFO] [stderr]     Checking png v0.11.0
[INFO] [stderr]     Checking rusttype v0.7.9
[INFO] [stderr]     Checking andrew v0.2.1
[INFO] [stderr]     Checking lyon_geom v0.15.3
[INFO] [stderr]    Compiling wayland-client v0.23.6
[INFO] [stderr]    Compiling wayland-protocols v0.23.6
[INFO] [stderr]    Compiling phf_generator v0.8.0
[INFO] [stderr]     Checking lyon_path v0.15.2
[INFO] [stderr]    Compiling phf_codegen v0.8.0
[INFO] [stderr]    Compiling palette v0.5.0
[INFO] [stderr]     Checking num v0.2.1
[INFO] [stderr]     Checking lyon_algorithms v0.15.1
[INFO] [stderr]     Checking lyon_tessellation v0.15.9
[INFO] [stderr]     Checking wayland-commons v0.23.6
[INFO] [stderr]     Checking calloop v0.4.4
[INFO] [stderr]     Checking gfx-descriptor v0.1.0
[INFO] [stderr]     Checking gfx-memory v0.1.3
[INFO] [stderr]     Checking gfx-backend-empty v0.5.2
[INFO] [stderr]     Checking lyon v0.15.9
[INFO] [stderr]     Checking jpeg-decoder v0.1.20
[INFO] [stderr]     Checking image v0.18.0
[INFO] [stderr]     Checking image v0.23.9
[INFO] [stderr]    Compiling synstructure v0.12.4
[INFO] [stderr]     Checking noise v0.6.0
[INFO] [stderr]    Compiling serde_derive v1.0.116
[INFO] [stderr]    Compiling peek-poke-derive v0.2.1
[INFO] [stderr]    Compiling futures-macro v0.3.5
[INFO] [stderr]    Compiling conrod_derive v0.70.0
[INFO] [stderr]    Compiling palette_derive v0.5.0
[INFO] [stderr]     Checking x11-clipboard v0.5.1
[INFO] [stderr]     Checking peek-poke v0.2.0
[INFO] [stderr]     Checking wgpu-types v0.5.1
[INFO] [stderr]     Checking smithay-client-toolkit v0.6.6
[INFO] [stderr]     Checking pin-project v0.4.23
[INFO] [stderr]     Checking futures-util v0.3.5
[INFO] [stderr]     Checking smithay-clipboard v0.4.0
[INFO] [stderr]     Checking winit v0.22.2
[INFO] [stderr]     Checking copypasta v0.6.3
[INFO] [stderr]     Checking gfx-backend-vulkan v0.5.11
[INFO] [stderr]     Checking wgpu-core v0.5.6
[INFO] [stderr]     Checking futures-executor v0.3.5
[INFO] [stderr]     Checking futures v0.3.5
[INFO] [stderr]     Checking wgpu-native v0.5.1
[INFO] [stderr]     Checking wgpu v0.5.2
[INFO] [stderr]     Checking pistoncore-input v0.24.0
[INFO] [stderr]     Checking serde_json v1.0.57
[INFO] [stderr]     Checking toml v0.5.6
[INFO] [stderr]     Checking conrod_core v0.70.0
[INFO] [stderr]     Checking conrod_wgpu v0.70.0
[INFO] [stderr]     Checking nannou v0.14.1 (https://github.com/nannou-org/nannou?branch=master#44e6ae44)
[INFO] [stderr]     Checking n_body v0.1.0 (/opt/rustwide/workdir)
[INFO] [stdout] error[E0308]: mismatched types
[INFO] [stdout]   --> src/main.rs:11:15
[INFO] [stdout]    |
[INFO] [stdout] 11 |         .view(view)
[INFO] [stdout]    |               ^^^^ expected struct `nannou::Frame`, found `&nannou::Frame<'_>`
[INFO] [stdout]    |
[INFO] [stdout]    = note: expected fn pointer `for<'r, 's, 't0> fn(&'r nannou::App, &'s Model, nannou::Frame<'t0>)`
[INFO] [stdout]                  found fn item `for<'r, 's, 't0, 't1> fn(&'r nannou::App, &'s Model, &'t0 nannou::Frame<'t1>) {view}`
[INFO] [stdout] 
[INFO] [stdout] 
[INFO] [stdout] error[E0599]: no method named `with_dimensions` found for struct `nannou::window::Builder<'_>` in the current scope
[INFO] [stdout]   --> src/main.rs:56:10
[INFO] [stdout]    |
[INFO] [stdout] 56 |         .with_dimensions(350, 350)
[INFO] [stdout]    |          ^^^^^^^^^^^^^^^ method not found in `nannou::window::Builder<'_>`
[INFO] [stdout] 
[INFO] [stdout] 
[INFO] [stdout] error[E0599]: no method named `with_dimensions` found for struct `nannou::window::Builder<'_>` in the current scope
[INFO] [stdout]   --> src/main.rs:62:10
[INFO] [stdout]    |
[INFO] [stdout] 62 |         .with_dimensions(700, 700)
[INFO] [stdout]    |          ^^^^^^^^^^^^^^^ method not found in `nannou::window::Builder<'_>`
[INFO] [stdout] 
[INFO] [stdout] 
[INFO] [stdout] error[E0599]: no method named `with_dimensions` found for struct `nannou::window::Builder<'_>` in the current scope
[INFO] [stdout]   --> src/main.rs:68:10
[INFO] [stdout]    |
[INFO] [stdout] 68 |         .with_dimensions(350, 350)
[INFO] [stdout]    |          ^^^^^^^^^^^^^^^ method not found in `nannou::window::Builder<'_>`
[INFO] [stdout] 
[INFO] [stdout] 
[INFO] [stdout] error[E0599]: no method named `draw_for_window` found for reference `&nannou::App` in the current scope
[INFO] [stdout]    --> src/main.rs:131:31
[INFO] [stdout]     |
[INFO] [stdout] 131 |             let draw_xy = app.draw_for_window(id).unwrap();
[INFO] [stdout]     |                               ^^^^^^^^^^^^^^^ method not found in `&nannou::App`
[INFO] [stdout] 
[INFO] [stdout] 
[INFO] [stdout] error[E0599]: no method named `draw_for_window` found for reference `&nannou::App` in the current scope
[INFO] [stdout]    --> src/main.rs:141:31
[INFO] [stdout]     |
[INFO] [stdout] 141 |             let draw_xz = app.draw_for_window(id).unwrap();
[INFO] [stdout]     |                               ^^^^^^^^^^^^^^^ method not found in `&nannou::App`
[INFO] [stdout] 
[INFO] [stdout] 
[INFO] [stdout] error[E0599]: no method named `draw_for_window` found for reference `&nannou::App` in the current scope
[INFO] [stdout]    --> src/main.rs:151:31
[INFO] [stdout]     |
[INFO] [stdout] 151 |             let draw_yz = app.draw_for_window(id).unwrap();
[INFO] [stdout]     |                               ^^^^^^^^^^^^^^^ method not found in `&nannou::App`
[INFO] [stdout] 
[INFO] [stdout] 
[INFO] [stdout] error: aborting due to 7 previous errors
[INFO] [stdout] 
[INFO] [stdout] 
[INFO] [stdout] Some errors have detailed explanations: E0308, E0599.
[INFO] [stdout] 
[INFO] [stdout] For more information about an error, try `rustc --explain E0308`.
[INFO] [stdout] 
[INFO] [stderr] error: could not compile `n_body`.
[INFO] [stderr] 
[INFO] [stderr] To learn more, run the command again with --verbose.
[INFO] [stderr] warning: build failed, waiting for other jobs to finish...
[INFO] [stdout] error[E0308]: mismatched types
[INFO] [stdout]   --> src/main.rs:11:15
[INFO] [stdout]    |
[INFO] [stdout] 11 |         .view(view)
[INFO] [stdout]    |               ^^^^ expected struct `nannou::Frame`, found `&nannou::Frame<'_>`
[INFO] [stdout]    |
[INFO] [stdout]    = note: expected fn pointer `for<'r, 's, 't0> fn(&'r nannou::App, &'s Model, nannou::Frame<'t0>)`
[INFO] [stdout]                  found fn item `for<'r, 's, 't0, 't1> fn(&'r nannou::App, &'s Model, &'t0 nannou::Frame<'t1>) {view}`
[INFO] [stdout] 
[INFO] [stdout] 
[INFO] [stdout] error[E0599]: no method named `with_dimensions` found for struct `nannou::window::Builder<'_>` in the current scope
[INFO] [stdout]   --> src/main.rs:56:10
[INFO] [stdout]    |
[INFO] [stdout] 56 |         .with_dimensions(350, 350)
[INFO] [stdout]    |          ^^^^^^^^^^^^^^^ method not found in `nannou::window::Builder<'_>`
[INFO] [stdout] 
[INFO] [stdout] 
[INFO] [stdout] error[E0599]: no method named `with_dimensions` found for struct `nannou::window::Builder<'_>` in the current scope
[INFO] [stdout]   --> src/main.rs:62:10
[INFO] [stdout]    |
[INFO] [stdout] 62 |         .with_dimensions(700, 700)
[INFO] [stdout]    |          ^^^^^^^^^^^^^^^ method not found in `nannou::window::Builder<'_>`
[INFO] [stdout] 
[INFO] [stdout] 
[INFO] [stdout] error[E0599]: no method named `with_dimensions` found for struct `nannou::window::Builder<'_>` in the current scope
[INFO] [stdout]   --> src/main.rs:68:10
[INFO] [stdout]    |
[INFO] [stdout] 68 |         .with_dimensions(350, 350)
[INFO] [stdout]    |          ^^^^^^^^^^^^^^^ method not found in `nannou::window::Builder<'_>`
[INFO] [stdout] 
[INFO] [stdout] 
[INFO] [stdout] error[E0599]: no method named `draw_for_window` found for reference `&nannou::App` in the current scope
[INFO] [stdout]    --> src/main.rs:131:31
[INFO] [stdout]     |
[INFO] [stdout] 131 |             let draw_xy = app.draw_for_window(id).unwrap();
[INFO] [stdout]     |                               ^^^^^^^^^^^^^^^ method not found in `&nannou::App`
[INFO] [stdout] 
[INFO] [stdout] 
[INFO] [stdout] error[E0599]: no method named `draw_for_window` found for reference `&nannou::App` in the current scope
[INFO] [stdout]    --> src/main.rs:141:31
[INFO] [stdout]     |
[INFO] [stdout] 141 |             let draw_xz = app.draw_for_window(id).unwrap();
[INFO] [stdout]     |                               ^^^^^^^^^^^^^^^ method not found in `&nannou::App`
[INFO] [stdout] 
[INFO] [stdout] 
[INFO] [stdout] error[E0599]: no method named `draw_for_window` found for reference `&nannou::App` in the current scope
[INFO] [stdout]    --> src/main.rs:151:31
[INFO] [stdout]     |
[INFO] [stdout] 151 |             let draw_yz = app.draw_for_window(id).unwrap();
[INFO] [stdout]     |                               ^^^^^^^^^^^^^^^ method not found in `&nannou::App`
[INFO] [stdout] 
[INFO] [stdout] 
[INFO] [stdout] error: aborting due to 7 previous errors
[INFO] [stdout] 
[INFO] [stdout] 
[INFO] [stdout] Some errors have detailed explanations: E0308, E0599.
[INFO] [stdout] 
[INFO] [stdout] For more information about an error, try `rustc --explain E0308`.
[INFO] [stdout] 
[INFO] [stderr] error: build failed
[INFO] running `Command { std: "docker" "inspect" "10121a7d17091a2e1eaa2a497ae5938db58e861a72b27cf02b49acc54862026b", kill_on_drop: false }`
[INFO] running `Command { std: "docker" "rm" "-f" "10121a7d17091a2e1eaa2a497ae5938db58e861a72b27cf02b49acc54862026b", kill_on_drop: false }`
[INFO] [stdout] 10121a7d17091a2e1eaa2a497ae5938db58e861a72b27cf02b49acc54862026b
